Let v(b) = 2*b**3 + 2*b**2 + b + 8. Let w be v(0). Suppose 6*i = 3*i + 444. Suppose -3*f = -w*f + 5*c + 170, -4*f = -c - i. What is the units digit of f?
8
Suppose g + 9 = -0*a - 4*a, a = 4*g + 19. Let i be -2 + 3 - (a - 0). Suppose -i*p - 2*p + 104 = 0. What is the units digit of p?
6
Let h = -1135 + 3262. What is the hundreds digit of h?
1
Let n = 188 - 391. Let q = -119 - n. What is the units digit of q?
4
Suppose 10 = -x + 3*x. Suppose 2*m = -x*u + 700, 4*m = -0 + 20. Suppose 2*y = 3*q - y - u, 3*y + 38 = q. What is the tens digit of q?
5
Suppose 2*o = 2*u + 56, 32 = 5*o + 3*u - 76. What is the units digit of (-4 - (-42)/o)/(2/(-8))?
9
Let w = 2 + 7. Suppose -14*o = -w*o. Suppose o = -n + 35. What is the tens digit of n?
3
Suppose -3*j - 3*d = 5109 - 17643, 5*j - 5*d - 20880 = 0. What is the hundreds digit of j?
1
Let p be -2 - ((-8)/(-4) + -6). Let b(g) = 6*g**3 + 0*g - g**2 - 5*g**3 + 0*g**p - g. What is the units digit of b(2)?
2
What is the units digit of -1 + 3502/5 + (-54)/(-90)?
0
Suppose 0 = -10*k + 6*k + 168. What is the units digit of k?
2
Let o be (-1)/(2*(-3)/1308*1). Suppose -3*l + 5*l - o = 4*q, 0 = -3*l - q + 292. What is the tens digit of l?
9
What is the tens digit of 1/(1/422) + (24 - 26)?
2
Let x(l) = 7*l + 85. What is the units digit of x(43)?
6
What is the units digit of (-2)/10 - ((-13928)/40 - -4)?
4
Suppose 4*p = 64 + 612. Let s = p - 115. What is the units digit of s?
4
Suppose 6729 = 4*x + 5*l, -l = -5 - 0. What is the tens digit of x?
7
Suppose a - 19 + 3 = 0. Let j(c) = 5*c + 20. What is the tens digit of j(a)?
0
Let d = 1551 + -690. What is the tens digit of d?
6
Let k(l) = 18*l**3 + 9*l**2 - 29*l + 6. What is the thousands digit of k(4)?
1
Suppose -5*k - 102 = 2*w - 8, 4*k + 3*w = -78. What is the tens digit of (-3)/k - (-382)/12?
3
Let g = -2095 - -3651. What is the units digit of g?
6
What is the tens digit of 33 + 114 + (-1 - (0 - -3))?
4
Let q be 2/((-20)/(-158)) + 43/215. Let c(u) = u - 3. What is the tens digit of c(q)?
1
Let d(u) = u**2 + 23. Suppose 21 = -5*p - 4*y + 1, -5*y = 25. Let l be d(p). Let k = l + -8. What is the tens digit of k?
1
Let s be 28*5/(-2)*6/15. What is the hundreds digit of (s/36 - (-2)/(-9))*-195?
1
Let z be 20/70 - 12/(-7). Suppose 0 = -4*u - 16, -z*j - 4 = 2*u - 0. Suppose -g = -0 - j. What is the units digit of g?
2
Let c(s) = 21*s**2 + 20*s + 8. What is the tens digit of c(4)?
2
Let c = -16 - -21. Suppose 0 = -3*u + c*f + 253, 2*u + f - 6*f - 167 = 0. What is the tens digit of u?
8
Let d = 1084 + -434. What is the hundreds digit of d?
6
Suppose -3*d = -2*t - 0*d - 1, -13 = -4*t + d. Suppose 0*x + 606 = t*x - 5*r, -5*x + 780 = 5*r. What is the units digit of x?
4
Suppose -4*a = -2*p - 990, -6*p + 723 = 3*a - p. What is the tens digit of a?
4
Suppose 3*h - 894 = 372. What is the tens digit of h?
2
Let w = 19 + -15. Suppose 3*b + l - 4*l - 270 = 0, -w*b = -3*l - 356. Let a = -61 + b. What is the tens digit of a?
2
Suppose 0 = -2*o - 56 + 54, 4*x - 9742 = -2*o. What is the units digit of x?
6
Let h = -7 + 8. Let w be -3 + h + (2 - 1). What is the tens digit of (18/15)/(w/(-10))?
1
Let z(b) = -250*b + 25. What is the units digit of z(-4)?
5
Suppose -3*m - 2*m - 50 = 0. Let k = m + 17. What is the units digit of (k + -5)*7/2?
7
Suppose 8*n - 9*n + 12 = 2*o, 37 = n - 3*o. What is the units digit of n?
2
Let g(d) = -d**3 + 9*d**2 - 4*d - 1. Let y be g(6). Let n = 71 + y. What is the hundreds digit of n?
1
Suppose -2893 - 1722 = -13*f. What is the tens digit of f?
5
Suppose -h + 218 = -3*f, -f + 654 = 3*h + 2*f. Suppose -2*j = 4*o - 320, 0*o = 3*o - 4*j - h. Suppose 3*k + o = 3*s, k - 1 = -2. What is the tens digit of s?
2
Suppose 5*c - 7762 = 12093. What is the hundreds digit of c?
9
What is the thousands digit of (-32259)/(-15) - (-36)/90?
2
Suppose 4 = 6*c - 2*c, -4*j + 35 = -c. Let t(g) = 5*g + 39. What is the units digit of t(j)?
4
Suppose -4*h + 57 = -5*c, 12 = -0*c + 4*c. Suppose 3*f = 3 + h. What is the units digit of f?
7
Let c = 7 + -7. Suppose c = -g + 2*u - 0*u + 75, 5*g + u - 320 = 0. Suppose -5*z + 15 = 0, 4*h - 4*z - g = z. What is the units digit of h?
0
Suppose -2*k + 4 = -0*k. Suppose 0 = -k*a - 36 + 46. Suppose 2*b = -h + 72, -4*b + 134 = -b - a*h. What is the tens digit of b?
3
Let f be (-1)/4 + (-25)/(-20). Let i(s) = 0*s + f - s - s - s. What is the units digit of i(-5)?
6
What is the tens digit of 6/(-15) - (-25758)/45?
7
Suppose -6*i - 5483 = -11*i - 2*h, -2*i = -3*h - 2178. What is the tens digit of i?
9
Let s(k) = k + 15. Let o be s(-7). Suppose -4*y - i + 250 = 0, 5*i - o = i. What is the units digit of y?
2
Let b be (-8)/(-3*2/3). What is the units digit of -3*b/12 - -25?
4
Let x(s) = -s**2 - 28*s + 9. Let i be x(-23). Let p = i - 53. What is the tens digit of p?
7
Suppose 0 = -19*a + 18*a + 230. What is the tens digit of a?
3
Let j(a) = 2*a**3 - 3*a**2 - 4*a + 3. Let r be j(4). Let s = -23 + r. What is the units digit of s?
4
Let b(s) = -s**3 + 11*s**2 + 4*s - 16. Let n be ((-27)/(-18))/(1/4). Suppose -17 = -n*c + 49. What is the tens digit of b(c)?
2
Suppose -5*d + 8 = -2. Suppose -m - 4*k = -267, 3*k = d*m - 671 + 126. What is the tens digit of m?
7
Let u = 3 + -1. Let f = -195 + 267. Suppose u*o = -12 + f. What is the units digit of o?
0
Let b(o) = -2*o. Let n be b(-1). Suppose 2*j - 2*c - 52 = n*c, -5*c + 117 = 4*j. What is the units digit of j?
8
Let o = -141 - -126. Let y = 13 - 34. Let k = o - y. What is the units digit of k?
6
Let r(d) = -d**2 - 7*d - 4. Let w be r(-5). Let x(a) = 1 - 3*a + 0*a - w + 0. What is the tens digit of x(-10)?
2
Suppose 2*s - 3*p = 37, 3 = -2*s - 0*s - 5*p. Suppose -s = -3*h + 10. Suppose 0 = -h*g + 3*g + 148. What is the units digit of g?
7
Let p(c) = 7*c**2 - 4. Let i be 1/(((-6)/(-8))/3). Let d be p(i). Let g = d - 77. What is the units digit of g?
1
Let v(t) = t**2 + t + 2. Let s be v(-2). Suppose -3*b + s*f = 17, -2*f - 16 = -0*b + 2*b. What is the tens digit of 14/(-49) - 149/b?
2
Suppose 121 = 4*n - 903. Suppose 3*f + 275 = 5*j - f, -4*j = 4*f - n. What is the units digit of j?
9
Suppose -2*w = -2*z + 1086, -4*z - w + 2132 = 3*w. What is the units digit of z?
8
Let k(q) be the third derivative of q**5/60 + q**4/4 + 3*q**3/2 + 7*q**2. What is the tens digit of k(-11)?
6
Let r = 1 - 2. Let g(p) = -148*p**2 + 14*p - 7. Let s(w) = -75*w**2 + 8*w - 4. Let z(f) = -4*g(f) + 7*s(f). What is the tens digit of z(r)?
6
Suppose 150*c = 149*c + 1362. What is the units digit of c?
2
Let l(i) = -i**3 - 2*i**2 + 12*i + 1347. What is the tens digit of l(0)?
4
Suppose 0 = -4*k + 157 + 119. Let s = 118 - k. What is the tens digit of s?
4
What is the tens digit of (-21)/(-2)*3476/66?
5
What is the hundreds digit of (-1)/6 + (11044/24 - -5)?
4
Let s(d) = 435*d - 113. What is the tens digit of s(5)?
6
Suppose 3*j + 5*w + 18 + 1 = 0, 2*j + 14 = -4*w. What is the hundreds digit of (-8512)/(-72) + j/(27/2)?
1
Suppose 5*x - 50 = -5*k, -4*k + 10 - 2 = -4*x. Let o(u) = u**3 + 3*u**2 - u. Let w be o(2). Let y = w - k. What is the tens digit of y?
1
Let b be (18/4)/((-3)/4). Let n(j) = 43 - 21 - j**3 - 4*j**2 - 17 + 8*j. What is the units digit of n(b)?
9
Let x(f) = 274*f + 11. What is the hundreds digit of x(1)?
2
Suppose 22 = 4*q - 2. Suppose 0 = -s - q + 9. What is the tens digit of (-1)/s + 208/12?
1
Let c(i) = i**3 + 31*i**2 + 62*i - 40. What is the hundreds digit of c(-28)?
5
Let w be ((-84)/(-63))/(-1*1/(-6)). What is the tens digit of (-9)/(-6)*(w - -74)?
2
Suppose c + 86 = -33. Let w = 175 + c. What is the units digit of w?
6
Let h(i) = 13*i**3 + i**2 - 3*i - 25. What is the tens digit of h(5)?
1
Suppose -g - 23 = -t + 2*g, -g + 29 = 3*t. Suppose -3*q = -4*p - t - 67, -99 = 5*p - 3*q. Let u = p + 67. What is the tens digit of u?
4
Let g(y) = y**3 - 7*y**2 + 10*y - 7. Suppose 0*u = -4*u - 132. Let k be (-204)/u + 2/(-11). What is the units digit of g(k)?
7
Suppose 1869 = 5*l - 2*z, 25*l = 20*l - 2*z + 1861. What is the units digit of l?
3
Let k = -3609 - -5348. What is the hundreds digit of k?
7
Suppose -4*y + 4*h + 500 = 0, 4*h = -3*y + 302 + 52. Let l = -58 + y. What is the units digit of l?
4
Let w(l) = -13*l - 17. What is the tens digit of w(-10)?
1
Let a be (-1 + 12/8)*(2034 - 4). Suppose 6*y = 11*y - a. What is the hundreds d